{"id":25,"date":"2026-03-26T04:25:34","date_gmt":"2026-03-26T04:25:34","guid":{"rendered":"https:\/\/demo8.thietkewebgiatot.top\/?page_id=25"},"modified":"2026-03-31T03:23:36","modified_gmt":"2026-03-31T03:23:36","slug":"lien-he","status":"publish","type":"page","link":"https:\/\/xekhachphudong.com\/index.php\/lien-he\/","title":{"rendered":"Li\u00ean h\u1ec7"},"content":{"rendered":"\n<section class=\"pd-contact-section\" id=\"pd-contact-73487\">\n\t<div class=\"pd-contact-container\">\n\t\t<div class=\"pd-contact-grid\">\n\n\t\t\t<div class=\"pd-contact-left\">\n\t\t\t\t<div class=\"pd-contact-heading js-pd-reveal\">\n\t\t\t\t\t\t\t\t\t\t<div class=\"pd-contact-eyebrow\">Get in touch<\/div>\n\t\t\t\t\t\n\t\t\t\t\t\t\t\t\t\t\t\t\t\t\t<h2 class=\"pd-contact-title\">K\u1ebeT N\u1ed0I V\u1edaI PH\u00d9 \u0110\u1ed4NG.<\/h2>\n\t\t\t\t\t\t\t\t\t<\/div>\n\n\t\t\t\t\t\t\t\t\t\t\t\t<div class=\"pd-contact-main-card js-pd-reveal\">\n\t\t\t\t\t<div class=\"pd-contact-main-icon\">\n\t\t\t\t\t\t\t\t\t\t\t\t<img decoding=\"async\" src=\"https:\/\/xekhachphudong.com\/wp-content\/uploads\/2026\/03\/phone-call.png\" alt=\"icon\">\n\t\t\t\t\t\t\t\t\t\t\t<\/div>\n\t\t\t\t\t\t\t\t\t\t<div class=\"pd-contact-main-label\">T\u1ed5ng \u0111\u00e0i h\u1ed7 tr\u1ee3 24\/7<\/div>\n\t\t\t\t\t\n\t\t\t\t\t\t\t\t\t\t<div class=\"pd-contact-main-phone\">0966.746.746<\/div>\n\t\t\t\t\t\n\t\t\t\t\t\t\t\t\t<\/div>\n\t\t\t\t\n\t\t\t\t<div class=\"pd-contact-small-grid\">\n\t\t\t\t\t\t\t\t\t\t<div class=\"pd-contact-small-card is-dark js-pd-reveal\" style=\"--pd-delay: 0s;\">\n\t\t\t\t\t\t<div class=\"pd-contact-small-icon\">\n\t\t\t\t\t\t\t\t\t\t\t\t\t\t<img decoding=\"async\" src=\"https:\/\/xekhachphudong.com\/wp-content\/uploads\/2026\/03\/chat.png\" alt=\"icon\">\n\t\t\t\t\t\t\t\t\t\t\t\t\t<\/div>\n\n\t\t\t\t\t\t\t\t\t\t\t\t<div class=\"pd-contact-small-label\">Chat v\u1edbi ch\u00fang t\u00f4i<\/div>\n\t\t\t\t\t\t\n\t\t\t\t\t\t\t\t\t\t\t\t<div class=\"pd-contact-small-title\">Zalo Business<\/div>\n\t\t\t\t\t\t\n\t\t\t\t\t\t\t\t\t\t\t\t<div class=\"pd-contact-small-sub\">M\u1ede \u1ee8NG D\u1ee4NG<\/div>\n\t\t\t\t\t\t\n\t\t\t\t\t\t\t\t\t\t\t<\/div>\n\t\t\t\t\t\t\t\t\t\t<div class=\"pd-contact-small-card is-light js-pd-reveal\" style=\"--pd-delay: 0.12s;\">\n\t\t\t\t\t\t<div class=\"pd-contact-small-icon\">\n\t\t\t\t\t\t\t\t\t\t\t\t\t\t<img decoding=\"async\" src=\"https:\/\/xekhachphudong.com\/wp-content\/uploads\/2026\/03\/time.png\" alt=\"icon\">\n\t\t\t\t\t\t\t\t\t\t\t\t\t<\/div>\n\n\t\t\t\t\t\t\n\t\t\t\t\t\t\t\t\t\t\t\t<div class=\"pd-contact-small-title\">Ph\u1ea3n h\u1ed3i trong 15p<\/div>\n\t\t\t\t\t\t\n\t\t\t\t\t\t\n\t\t\t\t\t\t\t\t\t\t\t\t<div class=\"pd-contact-small-share\">\n\t\t\t\t\t\t\t<img decoding=\"async\" src=\"https:\/\/xekhachphudong.com\/wp-content\/uploads\/2026\/03\/instagram.png\" alt=\"share\">\n\t\t\t\t\t\t<\/div>\n\t\t\t\t\t\t\t\t\t\t\t<\/div>\n\t\t\t\t\t\t\t\t\t<\/div>\n\n\t\t\t\t<div class=\"pd-contact-status-bar js-pd-reveal\">\n\t\t\t\t\t<div class=\"pd-contact-status-list\">\n\t\t\t\t\t\t\t\t\t\t\t\t<div class=\"pd-contact-status-item\">\n\t\t\t\t\t\t\t\t\t\t\t\t\t\t<span class=\"pd-contact-status-icon\">\n\t\t\t\t\t\t\t\t<img decoding=\"async\" src=\"https:\/\/xekhachphudong.com\/wp-content\/uploads\/2026\/03\/time.png\" alt=\"icon\">\n\t\t\t\t\t\t\t<\/span>\n\t\t\t\t\t\t\t\t\t\t\t\t\t\t<span class=\"pd-contact-status-text\">Ph\u1ea3n h\u1ed3i trong 15p<\/span>\n\t\t\t\t\t\t<\/div>\n\t\t\t\t\t\t\t\t\t\t\t\t<div class=\"pd-contact-status-item\">\n\t\t\t\t\t\t\t\t\t\t\t\t\t\t<span class=\"pd-contact-status-icon\">\n\t\t\t\t\t\t\t\t<img decoding=\"async\" src=\"https:\/\/xekhachphudong.com\/wp-content\/uploads\/2026\/03\/check-mark-4.png\" alt=\"icon\">\n\t\t\t\t\t\t\t<\/span>\n\t\t\t\t\t\t\t\t\t\t\t\t\t\t<span class=\"pd-contact-status-text\">\u0110\u00e3 x\u00e1c th\u1ef1c<\/span>\n\t\t\t\t\t\t<\/div>\n\t\t\t\t\t\t\t\t\t\t\t<\/div>\n\n\t\t\t\t\t<div class=\"pd-contact-social-mini\">\n\t\t\t\t\t\t\t\t\t\t\t\t<span class=\"pd-contact-social-mini-item\">\n\t\t\t\t\t\t\t<img decoding=\"async\" src=\"https:\/\/xekhachphudong.com\/wp-content\/uploads\/2026\/03\/instagram.png\" alt=\"social\">\n\t\t\t\t\t\t<\/span>\n\t\t\t\t\t\t\t\t\t\t\t\t<span class=\"pd-contact-social-mini-item\">\n\t\t\t\t\t\t\t<img decoding=\"async\" src=\"https:\/\/xekhachphudong.com\/wp-content\/uploads\/2026\/03\/facebook.png\" alt=\"social\">\n\t\t\t\t\t\t<\/span>\n\t\t\t\t\t\t\t\t\t\t\t<\/div>\n\t\t\t\t<\/div>\n\t\t\t<\/div>\n\n\t\t\t<div class=\"pd-contact-right\">\n\t\t\t\t<div class=\"pd-contact-form-card js-pd-reveal\">\n\t\t\t\t\t\t\t\t\t\t<h3 class=\"pd-contact-form-title\">\u0110\u1eb7t v\u00e9 xe<\/h3>\n\t\t\t\t\t\n\t\t\t\t\t\t\t\t\t\t<div class=\"pd-contact-form-subtitle\">Ch\u00fang t\u00f4i s\u1ebd li\u00ean h\u1ec7 l\u1ea1i v\u1edbi b\u1ea1n s\u1edbm nh\u1ea5t c\u00f3 th\u1ec3.<\/div>\n\t\t\t\t\t\n\t\t\t\t\t<form class=\"pd-contact-form\" action=\"#\" method=\"post\" novalidate>\n\t\t\t\t\t\t\t\t\t\t\t\t<div class=\"pd-contact-form-row\"><input type=\"text\" name=\"name\" placeholder=\"H\u1ecd v\u00e0 t\u00ean c\u1ee7a b\u1ea1n\" required><\/div>\n\t\t\t\t\t\t<div class=\"pd-contact-form-row\"><input type=\"tel\" name=\"phone\" placeholder=\"S\u1ed1 \u0111i\u1ec7n tho\u1ea1i\" required><\/div>\n\t\t\t\t\t\n\t\t\t\t\t\t\n\t\t\t\t\t\t<div class=\"pd-contact-form-row\">\n\t\t\t\t\t\t\t<select name=\"diem_di\" required>\n\t\t\t\t\t\t\t\t<option value=\"\" disabled selected hidden>Ch\u1ecdn \u0111i\u1ec3m \u0111i<\/option>\n\t\t\t\t\t\t\t\t<option>Nam \u0110\u1ecbnh<\/option>\n\t\t\t\t\t\t\t\t<option>Th\u00e1i B\u00ecnh<\/option>\n\t\t\t\t\t\t\t\t<option>V\u0129nh B\u1ea3o<\/option>\n\t\t\t\t\t\t\t\t<option>An L\u00e3o<\/option>\n\t\t\t\t\t\t\t\t<option>Ki\u1ebfn An<\/option>\n\t\t\t\t\t\t\t\t<option>H\u1ea3i Ph\u00f2ng<\/option>\n\t\t\t\t\t\t\t\t<option>C\u00e1t B\u00e0<\/option>\n\t\t\t\t\t\t\t\t<option>C\u00e1t H\u1ea3i<\/option>\n\t\t\t\t\t\t\t<\/select>\n\t\t\t\t\t\t<\/div>\n\n\t\t\t\t\t\t<div class=\"pd-contact-form-row\">\n\t\t\t\t\t\t\t<select name=\"diem_den\" required>\n\t\t\t\t\t\t\t\t<option value=\"\" disabled selected hidden>Ch\u1ecdn \u0111i\u1ec3m \u0111\u1ebfn<\/option>\n\t\t\t\t\t\t\t\t<option>Nam \u0110\u1ecbnh<\/option>\n\t\t\t\t\t\t\t\t<option>Th\u00e1i B\u00ecnh<\/option>\n\t\t\t\t\t\t\t\t<option>V\u0129nh B\u1ea3o<\/option>\n\t\t\t\t\t\t\t\t<option>An L\u00e3o<\/option>\n\t\t\t\t\t\t\t\t<option>Ki\u1ebfn An<\/option>\n\t\t\t\t\t\t\t\t<option>H\u1ea3i Ph\u00f2ng<\/option>\n\t\t\t\t\t\t\t\t<option>C\u00e1t B\u00e0<\/option>\n\t\t\t\t\t\t\t\t<option>C\u00e1t H\u1ea3i<\/option>\n\t\t\t\t\t\t\t<\/select>\n\t\t\t\t\t\t<\/div>\n\t\t\t\t\t\t\n\t\t\t\t\t\t<button type=\"submit\" class=\"pd-contact-submit\">\n\t\t\t\t\t\t\t<span>G\u1eedi th\u00f4ng tin<\/span>\n\t\t\t\t\t\t\t<svg width=\"18\" height=\"18\" viewBox=\"0 0 24 24\" fill=\"none\" aria-hidden=\"true\">\n\t\t\t\t\t\t\t\t<path d=\"M22 2L11 13\" stroke=\"currentColor\" stroke-width=\"2\" stroke-linecap=\"round\" stroke-linejoin=\"round\"\/>\n\t\t\t\t\t\t\t\t<path d=\"M22 2L15 22L11 13L2 9L22 2Z\" stroke=\"currentColor\" stroke-width=\"2\" stroke-linecap=\"round\" stroke-linejoin=\"round\"\/>\n\t\t\t\t\t\t\t<\/svg>\n\t\t\t\t\t\t<\/button>\n\n\t\t\t\t\t\t<div class=\"pd-contact-form-message\" aria-live=\"polite\"><\/div>\n\t\t\t\t\t<\/form>\n\t\t\t\t<\/div>\n\t\t\t<\/div>\n\n\t\t<\/div>\n\t<\/div>\n<\/section>\n\n\n","protected":false},"excerpt":{"rendered":"","protected":false},"author":1,"featured_media":0,"parent":0,"menu_order":0,"comment_status":"closed","ping_status":"closed","template":"page-blank.php","meta":{"_acf_changed":false,"footnotes":""},"class_list":["post-25","page","type-page","status-publish","hentry"],"acf":[],"_links":{"self":[{"href":"https:\/\/xekhachphudong.com\/index.php\/wp-json\/wp\/v2\/pages\/25","targetHints":{"allow":["GET"]}}],"collection":[{"href":"https:\/\/xekhachphudong.com\/index.php\/wp-json\/wp\/v2\/pages"}],"about":[{"href":"https:\/\/xekhachphudong.com\/index.php\/wp-json\/wp\/v2\/types\/page"}],"author":[{"embeddable":true,"href":"https:\/\/xekhachphudong.com\/index.php\/wp-json\/wp\/v2\/users\/1"}],"replies":[{"embeddable":true,"href":"https:\/\/xekhachphudong.com\/index.php\/wp-json\/wp\/v2\/comments?post=25"}],"version-history":[{"count":6,"href":"https:\/\/xekhachphudong.com\/index.php\/wp-json\/wp\/v2\/pages\/25\/revisions"}],"predecessor-version":[{"id":276,"href":"https:\/\/xekhachphudong.com\/index.php\/wp-json\/wp\/v2\/pages\/25\/revisions\/276"}],"wp:attachment":[{"href":"https:\/\/xekhachphudong.com\/index.php\/wp-json\/wp\/v2\/media?parent=25"}],"curies":[{"name":"wp","href":"https:\/\/api.w.org\/{rel}","templated":true}]}}